{"id":10451,"date":"2020-04-10T14:26:44","date_gmt":"2020-04-10T18:26:44","guid":{"rendered":"https:\/\/glslcities.org\/?page_id=10451"},"modified":"2020-04-13T11:33:55","modified_gmt":"2020-04-13T15:33:55","slug":"conference-nationale-des-politiques-pour-locean-et-les-grands-lacs","status":"publish","type":"page","link":"https:\/\/glslcities.org\/fr\/conference-nationale-des-politiques-pour-locean-et-les-grands-lacs\/","title":{"rendered":"Conf\u00e9rence nationale des politiques pour les oc\u00e9ans et les Grands Lacs"},"content":{"rendered":"<p><img loading=\"lazy\" decoding=\"async\" class=\"size-medium wp-image-10435 aligncenter\" src=\"https:\/\/glslcities.org\/wp-content\/uploads\/2020\/04\/Capture-d\u2019e\u0301cran-2020-04-07-a\u0300-13.07.43-400x167.png\" alt=\"\" width=\"400\" height=\"167\" srcset=\"https:\/\/glslcities.org\/wp-content\/uploads\/2020\/04\/Capture-d\u2019e\u0301cran-2020-04-07-a\u0300-13.07.43-400x167.png 400w, https:\/\/glslcities.org\/wp-content\/uploads\/2020\/04\/Capture-d\u2019e\u0301cran-2020-04-07-a\u0300-13.07.43-1024x429.png 1024w, https:\/\/glslcities.org\/wp-content\/uploads\/2020\/04\/Capture-d\u2019e\u0301cran-2020-04-07-a\u0300-13.07.43-200x84.png 200w, https:\/\/glslcities.org\/wp-content\/uploads\/2020\/04\/Capture-d\u2019e\u0301cran-2020-04-07-a\u0300-13.07.43-768x322.png 768w, https:\/\/glslcities.org\/wp-content\/uploads\/2020\/04\/Capture-d\u2019e\u0301cran-2020-04-07-a\u0300-13.07.43-1140x477.png 1140w, https:\/\/glslcities.org\/wp-content\/uploads\/2020\/04\/Capture-d\u2019e\u0301cran-2020-04-07-a\u0300-13.07.43.png 1433w\" sizes=\"auto, (max-width: 400px) 100vw, 400px\" \/><\/p>\n<p>&nbsp;<\/p>\n<p>Nous pr\u00e9voyons une journ\u00e9e compl\u00e8te d&rsquo;activit\u00e9s, y compris des s\u00e9ances de pl\u00e9ni\u00e8res en petits groupes simultan\u00e9es sur les fa\u00e7ons dont la science et la technologie font progresser notre compr\u00e9hension du milieu marin, du r\u00f4le des aires prot\u00e9g\u00e9es dans la conservation de la biodiversit\u00e9 et de la fa\u00e7on d\u2019impliquer et mobiliser les collectivit\u00e9s dans la lutte. Nous portons une grande importance au r\u00e9seautage qui se produit \u00e0 la CHOW. Ainsi, nous cr\u00e9erons des espaces d\u2019\u00e9change virtuels afin de permettre ces rencontres essentielles. Nous pr\u00e9senterons l&rsquo;incroyable travail de nos partenaires au moyen d\u2019une salle d&rsquo;exposition virtuelle et faciliterons les rencontres sociales gr\u00e2ce \u00e0 un 5 \u00e0 7 virtuel de cl\u00f4ture.<\/p>\n<p>Gr\u00e2ce \u00e0 ce format plus accessible, la Capitol Hill Ocean Week 2020 est une opportunit\u00e9 incroyable pour les gens de partout \u00e0 travers les \u00c9tats-Unis et le monde de se rassembler afin de discuter de solutions communes pour conserver la biodiversit\u00e9 terrestre dans l\u2019int\u00e9r\u00eat de la sant\u00e9 mondiale \u00e0 long terme.<\/p>\n<p><a href=\"https:\/\/www.eventbrite.com\/e\/capitol-hill-ocean-week-tickets-96996610473?aff=odeimcmailchimp&mc_cid=9688890cc1&mc_eid=23f5c58c46\">S&rsquo;inscrire d\u00e8s maintenant<\/a><\/p>\n<p><a href=\"https:\/\/marinesanctuary.org\/capitol-hill-ocean-week\/\">En savoir plus<\/a><\/p>\n<p>En raison des changements de cette ann\u00e9e, nous ne tiendrons pas le Ocean Awards Gala en juin comme pr\u00e9vu. Organis\u00e9 conjointement avec la Capitol Hill Ocean Week, le gala vise \u00e0 reconna\u00eetre l&rsquo;engagement envers la d\u00e9fense des oc\u00e9ans et des Grands Lacs. Cet engagement inspire en chacun de nous une volont\u00e9 de prot\u00e9ger notre plan\u00e8te bleue. Nous en sommes \u00e0 trouver d\u2019autres mani\u00e8res de reconna\u00eetre et c\u00e9l\u00e9brer le travail de nos h\u00e9ros des oc\u00e9ans et des Grands Lacs cette ann\u00e9e. Plus de d\u00e9tails suivront prochainement.<\/p>\n<p>Cette ann\u00e9e, en raison des co\u00fbts suppl\u00e9mentaires li\u00e9s \u00e0 l&rsquo;organisation virtuelle de cette exp\u00e9rience, nous vous demandons de faire un don d\u00e9ductible d&rsquo;imp\u00f4ts lors de votre inscription. Nous avons toujours \u00e9t\u00e9 fiers d\u2019offrir la programmation de la CHOW gratuitement \u00e0 tous. Votre don contribuera donc \u00e0 \u00e9tendre la port\u00e9e de la CHOW et nous assurera que nous pourrons continuer l&rsquo;important travail de protection des merveilles de nos sanctuaires et monuments marins nationaux.<\/p>\n<p>*Les personnes faisant un don de 25$ et plus courront la chance de remporter un prix pendant la CHOW! Limite d\u2019une participation par personne.*<\/p>\n<p>Inscrivez-vous d\u00e8s maintenant afin de r\u00e9server votre place \u00e0 cette conversation dans un format innovant. Notez-le \u00e0 votre agenda!<\/p>\n<p>Au Plaisir de vous voir le 9 juin prochain.<\/p>\n","protected":false},"excerpt":{"rendered":"<p>&nbsp; Nous pr\u00e9voyons une journ\u00e9e compl\u00e8te d&rsquo;activit\u00e9s, y compris des s\u00e9ances de pl\u00e9ni\u00e8res en petits groupes simultan\u00e9es sur les fa\u00e7ons dont la science et la technologie font progresser notre compr\u00e9hension du milieu marin, du r\u00f4le des aires prot\u00e9g\u00e9es dans la conservation de la biodiversit\u00e9 et de la fa\u00e7on d\u2019impliquer et mobiliser les collectivit\u00e9s dans la&#8230; <a class=\"read-more\" href=\"https:\/\/glslcities.org\/fr\/conference-nationale-des-politiques-pour-locean-et-les-grands-lacs\/\">Read More<span class=\"hidden\"> about \u00ab\u00a0Conf\u00e9rence nationale des politiques pour les oc\u00e9ans et les Grands Lacs\u00a0\u00bb<\/span><\/a><\/p>\n","protected":false},"author":2,"featured_media":0,"parent":0,"menu_order":0,"comment_status":"closed","ping_status":"closed","template":"","meta":{"_acf_changed":false,"footnotes":""},"class_list":["post-10451","page","type-page","status-publish","hentry"],"acf":[],"yoast_head":"<!-- This site is optimized with the Yoast SEO plugin v27.4 - https:\/\/yoast.com\/product\/yoast-seo-wordpress\/ -->\n<title>Conf\u00e9rence nationale des politiques pour les oc\u00e9ans et les Grands Lacs - L\u2019Alliance des villes des Grands Lacs et du Saint-Laurent<\/title>\n<meta name=\"robots\" content=\"index, follow, max-snippet:-1, max-image-preview:large, max-video-preview:-1\" \/>\n<link rel=\"canonical\" href=\"https:\/\/glslcities.org\/fr\/conference-nationale-des-politiques-pour-locean-et-les-grands-lacs\/\" \/>\n<meta property=\"og:locale\" content=\"fr_FR\" \/>\n<meta property=\"og:type\" content=\"article\" \/>\n<meta property=\"og:title\" content=\"Conf\u00e9rence nationale des politiques pour les oc\u00e9ans et les Grands Lacs - L\u2019Alliance des villes des Grands Lacs et du Saint-Laurent\" \/>\n<meta property=\"og:description\" content=\"&nbsp; Nous pr\u00e9voyons une journ\u00e9e compl\u00e8te d&rsquo;activit\u00e9s, y compris des s\u00e9ances de pl\u00e9ni\u00e8res en petits groupes simultan\u00e9es sur les fa\u00e7ons dont la science et la technologie font progresser notre compr\u00e9hension du milieu marin, du r\u00f4le des aires prot\u00e9g\u00e9es dans la conservation de la biodiversit\u00e9 et de la fa\u00e7on d\u2019impliquer et mobiliser les collectivit\u00e9s dans la... Read More about &quot;Conf\u00e9rence nationale des politiques pour les oc\u00e9ans et les Grands Lacs&quot;\" \/>\n<meta property=\"og:url\" content=\"https:\/\/glslcities.org\/fr\/conference-nationale-des-politiques-pour-locean-et-les-grands-lacs\/\" \/>\n<meta property=\"og:site_name\" content=\"L\u2019Alliance des villes des Grands Lacs et du Saint-Laurent\" \/>\n<meta property=\"article:modified_time\" content=\"2020-04-13T15:33:55+00:00\" \/>\n<meta property=\"og:image\" content=\"https:\/\/glslcities.org\/wp-content\/uploads\/2020\/04\/Capture-d\u2019e\u0301cran-2020-04-07-a\u0300-13.07.43-400x167.png\" \/>\n<meta name=\"twitter:card\" content=\"summary_large_image\" \/>\n<meta name=\"twitter:label1\" content=\"Dur\u00e9e de lecture estim\u00e9e\" \/>\n\t<meta name=\"twitter:data1\" content=\"2 minutes\" \/>\n<script type=\"application\/ld+json\" class=\"yoast-schema-graph\">{\"@context\":\"https:\\\/\\\/schema.org\",\"@graph\":[{\"@type\":\"WebPage\",\"@id\":\"https:\\\/\\\/glslcities.org\\\/fr\\\/conference-nationale-des-politiques-pour-locean-et-les-grands-lacs\\\/\",\"url\":\"https:\\\/\\\/glslcities.org\\\/fr\\\/conference-nationale-des-politiques-pour-locean-et-les-grands-lacs\\\/\",\"name\":\"Conf\u00e9rence nationale des politiques pour les oc\u00e9ans et les Grands Lacs - L\u2019Alliance des villes des Grands Lacs et du Saint-Laurent\",\"isPartOf\":{\"@id\":\"https:\\\/\\\/glslcities.org\\\/#website\"},\"datePublished\":\"2020-04-10T18:26:44+00:00\",\"dateModified\":\"2020-04-13T15:33:55+00:00\",\"breadcrumb\":{\"@id\":\"https:\\\/\\\/glslcities.org\\\/fr\\\/conference-nationale-des-politiques-pour-locean-et-les-grands-lacs\\\/#breadcrumb\"},\"inLanguage\":\"fr-FR\",\"potentialAction\":[{\"@type\":\"ReadAction\",\"target\":[\"https:\\\/\\\/glslcities.org\\\/fr\\\/conference-nationale-des-politiques-pour-locean-et-les-grands-lacs\\\/\"]}]},{\"@type\":\"BreadcrumbList\",\"@id\":\"https:\\\/\\\/glslcities.org\\\/fr\\\/conference-nationale-des-politiques-pour-locean-et-les-grands-lacs\\\/#breadcrumb\",\"itemListElement\":[{\"@type\":\"ListItem\",\"position\":1,\"name\":\"Home\",\"item\":\"https:\\\/\\\/glslcities.org\\\/fr\\\/\"},{\"@type\":\"ListItem\",\"position\":2,\"name\":\"Conf\u00e9rence nationale des politiques pour les oc\u00e9ans et les Grands Lacs\"}]},{\"@type\":\"WebSite\",\"@id\":\"https:\\\/\\\/glslcities.org\\\/#website\",\"url\":\"https:\\\/\\\/glslcities.org\\\/\",\"name\":\"L\u2019Alliance des villes des Grands Lacs et du Saint-Laurent\",\"description\":\"Des maires unis pour prot\u00e9ger et restaurer les Grands Lacs et le Saint-Laurent\",\"potentialAction\":[{\"@type\":\"SearchAction\",\"target\":{\"@type\":\"EntryPoint\",\"urlTemplate\":\"https:\\\/\\\/glslcities.org\\\/?s={search_term_string}\"},\"query-input\":{\"@type\":\"PropertyValueSpecification\",\"valueRequired\":true,\"valueName\":\"search_term_string\"}}],\"inLanguage\":\"fr-FR\"}]}<\/script>\n<!-- \/ Yoast SEO plugin. -->","yoast_head_json":{"title":"Conf\u00e9rence nationale des politiques pour les oc\u00e9ans et les Grands Lacs - L\u2019Alliance des villes des Grands Lacs et du Saint-Laurent","robots":{"index":"index","follow":"follow","max-snippet":"max-snippet:-1","max-image-preview":"max-image-preview:large","max-video-preview":"max-video-preview:-1"},"canonical":"https:\/\/glslcities.org\/fr\/conference-nationale-des-politiques-pour-locean-et-les-grands-lacs\/","og_locale":"fr_FR","og_type":"article","og_title":"Conf\u00e9rence nationale des politiques pour les oc\u00e9ans et les Grands Lacs - L\u2019Alliance des villes des Grands Lacs et du Saint-Laurent","og_description":"&nbsp; Nous pr\u00e9voyons une journ\u00e9e compl\u00e8te d&rsquo;activit\u00e9s, y compris des s\u00e9ances de pl\u00e9ni\u00e8res en petits groupes simultan\u00e9es sur les fa\u00e7ons dont la science et la technologie font progresser notre compr\u00e9hension du milieu marin, du r\u00f4le des aires prot\u00e9g\u00e9es dans la conservation de la biodiversit\u00e9 et de la fa\u00e7on d\u2019impliquer et mobiliser les collectivit\u00e9s dans la... Read More about \"Conf\u00e9rence nationale des politiques pour les oc\u00e9ans et les Grands Lacs\"","og_url":"https:\/\/glslcities.org\/fr\/conference-nationale-des-politiques-pour-locean-et-les-grands-lacs\/","og_site_name":"L\u2019Alliance des villes des Grands Lacs et du Saint-Laurent","article_modified_time":"2020-04-13T15:33:55+00:00","og_image":[{"url":"https:\/\/glslcities.org\/wp-content\/uploads\/2020\/04\/Capture-d\u2019e\u0301cran-2020-04-07-a\u0300-13.07.43-400x167.png","type":"","width":"","height":""}],"twitter_card":"summary_large_image","twitter_misc":{"Dur\u00e9e de lecture estim\u00e9e":"2 minutes"},"schema":{"@context":"https:\/\/schema.org","@graph":[{"@type":"WebPage","@id":"https:\/\/glslcities.org\/fr\/conference-nationale-des-politiques-pour-locean-et-les-grands-lacs\/","url":"https:\/\/glslcities.org\/fr\/conference-nationale-des-politiques-pour-locean-et-les-grands-lacs\/","name":"Conf\u00e9rence nationale des politiques pour les oc\u00e9ans et les Grands Lacs - L\u2019Alliance des villes des Grands Lacs et du Saint-Laurent","isPartOf":{"@id":"https:\/\/glslcities.org\/#website"},"datePublished":"2020-04-10T18:26:44+00:00","dateModified":"2020-04-13T15:33:55+00:00","breadcrumb":{"@id":"https:\/\/glslcities.org\/fr\/conference-nationale-des-politiques-pour-locean-et-les-grands-lacs\/#breadcrumb"},"inLanguage":"fr-FR","potentialAction":[{"@type":"ReadAction","target":["https:\/\/glslcities.org\/fr\/conference-nationale-des-politiques-pour-locean-et-les-grands-lacs\/"]}]},{"@type":"BreadcrumbList","@id":"https:\/\/glslcities.org\/fr\/conference-nationale-des-politiques-pour-locean-et-les-grands-lacs\/#breadcrumb","itemListElement":[{"@type":"ListItem","position":1,"name":"Home","item":"https:\/\/glslcities.org\/fr\/"},{"@type":"ListItem","position":2,"name":"Conf\u00e9rence nationale des politiques pour les oc\u00e9ans et les Grands Lacs"}]},{"@type":"WebSite","@id":"https:\/\/glslcities.org\/#website","url":"https:\/\/glslcities.org\/","name":"L\u2019Alliance des villes des Grands Lacs et du Saint-Laurent","description":"Des maires unis pour prot\u00e9ger et restaurer les Grands Lacs et le Saint-Laurent","potentialAction":[{"@type":"SearchAction","target":{"@type":"EntryPoint","urlTemplate":"https:\/\/glslcities.org\/?s={search_term_string}"},"query-input":{"@type":"PropertyValueSpecification","valueRequired":true,"valueName":"search_term_string"}}],"inLanguage":"fr-FR"}]}},"_links":{"self":[{"href":"https:\/\/glslcities.org\/fr\/wp-json\/wp\/v2\/pages\/10451","targetHints":{"allow":["GET"]}}],"collection":[{"href":"https:\/\/glslcities.org\/fr\/wp-json\/wp\/v2\/pages"}],"about":[{"href":"https:\/\/glslcities.org\/fr\/wp-json\/wp\/v2\/types\/page"}],"author":[{"embeddable":true,"href":"https:\/\/glslcities.org\/fr\/wp-json\/wp\/v2\/users\/2"}],"replies":[{"embeddable":true,"href":"https:\/\/glslcities.org\/fr\/wp-json\/wp\/v2\/comments?post=10451"}],"version-history":[{"count":6,"href":"https:\/\/glslcities.org\/fr\/wp-json\/wp\/v2\/pages\/10451\/revisions"}],"predecessor-version":[{"id":10462,"href":"https:\/\/glslcities.org\/fr\/wp-json\/wp\/v2\/pages\/10451\/revisions\/10462"}],"wp:attachment":[{"href":"https:\/\/glslcities.org\/fr\/wp-json\/wp\/v2\/media?parent=10451"}],"curies":[{"name":"wp","href":"https:\/\/api.w.org\/{rel}","templated":true}]}}

Conférence nationale des politiques pour les océans et les Grands Lacs

<p><img loading="lazy" decoding="async" class="size-medium wp-image-10435 aligncenter" src="https://glslcities.org/wp-content/uploads/2020/04/Capture-d’écran-2020-04-07-à-13.07.43-400x167.png" alt="" width="400" height="167" srcset="https://glslcities.org/wp-content/uploads/2020/04/Capture-d’écran-2020-04-07-à-13.07.43-400x167.png 400w, https://glslcities.org/wp-content/uploads/2020/04/Capture-d’écran-2020-04-07-à-13.07.43-1024x429.png 1024w, https://glslcities.org/wp-content/uploads/2020/04/Capture-d’écran-2020-04-07-à-13.07.43-200x84.png 200w, https://glslcities.org/wp-content/uploads/2020/04/Capture-d’écran-2020-04-07-à-13.07.43-768x322.png 768w, https://glslcities.org/wp-content/uploads/2020/04/Capture-d’écran-2020-04-07-à-13.07.43-1140x477.png 1140w, https://glslcities.org/wp-content/uploads/2020/04/Capture-d’écran-2020-04-07-à-13.07.43.png 1433w" sizes="auto, (max-width: 400px) 100vw, 400px" /></p>
<p>&nbsp;</p>
<p>Nous prévoyons une journée complète d&rsquo;activités, y compris des séances de plénières en petits groupes simultanées sur les façons dont la science et la technologie font progresser notre compréhension du milieu marin, du rôle des aires protégées dans la conservation de la biodiversité et de la façon d’impliquer et mobiliser les collectivités dans la lutte. Nous portons une grande importance au réseautage qui se produit à la CHOW. Ainsi, nous créerons des espaces d’échange virtuels afin de permettre ces rencontres essentielles. Nous présenterons l&rsquo;incroyable travail de nos partenaires au moyen d’une salle d&rsquo;exposition virtuelle et faciliterons les rencontres sociales grâce à un 5 à 7 virtuel de clôture.</p>
<p>Grâce à ce format plus accessible, la Capitol Hill Ocean Week 2020 est une opportunité incroyable pour les gens de partout à travers les États-Unis et le monde de se rassembler afin de discuter de solutions communes pour conserver la biodiversité terrestre dans l’intérêt de la santé mondiale à long terme.</p>
<p><a href="https://www.eventbrite.com/e/capitol-hill-ocean-week-tickets-96996610473?aff=odeimcmailchimp&mc_cid=9688890cc1&mc_eid=23f5c58c46">S&rsquo;inscrire dès maintenant</a></p>
<p><a href="https://marinesanctuary.org/capitol-hill-ocean-week/">En savoir plus</a></p>
<p>En raison des changements de cette année, nous ne tiendrons pas le Ocean Awards Gala en juin comme prévu. Organisé conjointement avec la Capitol Hill Ocean Week, le gala vise à reconnaître l&rsquo;engagement envers la défense des océans et des Grands Lacs. Cet engagement inspire en chacun de nous une volonté de protéger notre planète bleue. Nous en sommes à trouver d’autres manières de reconnaître et célébrer le travail de nos héros des océans et des Grands Lacs cette année. Plus de détails suivront prochainement.</p>
<p>Cette année, en raison des coûts supplémentaires liés à l&rsquo;organisation virtuelle de cette expérience, nous vous demandons de faire un don déductible d&rsquo;impôts lors de votre inscription. Nous avons toujours été fiers d’offrir la programmation de la CHOW gratuitement à tous. Votre don contribuera donc à étendre la portée de la CHOW et nous assurera que nous pourrons continuer l&rsquo;important travail de protection des merveilles de nos sanctuaires et monuments marins nationaux.</p>
<p>*Les personnes faisant un don de 25$ et plus courront la chance de remporter un prix pendant la CHOW! Limite d’une participation par personne.*</p>
<p>Inscrivez-vous dès maintenant afin de réserver votre place à cette conversation dans un format innovant. Notez-le à votre agenda!</p>
<p>Au Plaisir de vous voir le 9 juin prochain.</p>

<p>&nbsp; Nous prévoyons une journée complète d&rsquo;activités, y compris des séances de plénières en petits groupes simultanées sur les façons dont la science et la technologie font progresser notre compréhension du milieu marin, du rôle des aires protégées dans la conservation de la biodiversité et de la façon d’impliquer et mobiliser les collectivités dans la&#8230; <a class="read-more" href="https://glslcities.org/fr/conference-nationale-des-politiques-pour-locean-et-les-grands-lacs/">Read More<span class="hidden"> about « Conférence nationale des politiques pour les océans et les Grands Lacs »</span></a></p>

<!-- This site is optimized with the Yoast SEO plugin v27.4 - https://yoast.com/product/yoast-seo-wordpress/ -->
<title>Conférence nationale des politiques pour les océans et les Grands Lacs - L’Alliance des villes des Grands Lacs et du Saint-Laurent</title>
<meta name="robots" content="index, follow, max-snippet:-1, max-image-preview:large, max-video-preview:-1" />
<link rel="canonical" href="https://glslcities.org/fr/conference-nationale-des-politiques-pour-locean-et-les-grands-lacs/" />
<meta property="og:locale" content="fr_FR" />
<meta property="og:type" content="article" />
<meta property="og:title" content="Conférence nationale des politiques pour les océans et les Grands Lacs - L’Alliance des villes des Grands Lacs et du Saint-Laurent" />
<meta property="og:description" content="&nbsp; Nous prévoyons une journée complète d&rsquo;activités, y compris des séances de plénières en petits groupes simultanées sur les façons dont la science et la technologie font progresser notre compréhension du milieu marin, du rôle des aires protégées dans la conservation de la biodiversité et de la façon d’impliquer et mobiliser les collectivités dans la... Read More about &quot;Conférence nationale des politiques pour les océans et les Grands Lacs&quot;" />
<meta property="og:url" content="https://glslcities.org/fr/conference-nationale-des-politiques-pour-locean-et-les-grands-lacs/" />
<meta property="og:site_name" content="L’Alliance des villes des Grands Lacs et du Saint-Laurent" />
<meta property="article:modified_time" content="2020-04-13T15:33:55+00:00" />
<meta property="og:image" content="https://glslcities.org/wp-content/uploads/2020/04/Capture-d’écran-2020-04-07-à-13.07.43-400x167.png" />
<meta name="twitter:card" content="summary_large_image" />
<meta name="twitter:label1" content="Durée de lecture estimée" />
	<meta name="twitter:data1" content="2 minutes" />
<script type="application/ld+json" class="yoast-schema-graph">{"@context":"https:\/\/schema.org","@graph":[{"@type":"WebPage","@id":"https:\/\/glslcities.org\/fr\/conference-nationale-des-politiques-pour-locean-et-les-grands-lacs\/","url":"https:\/\/glslcities.org\/fr\/conference-nationale-des-politiques-pour-locean-et-les-grands-lacs\/","name":"Conférence nationale des politiques pour les océans et les Grands Lacs - L’Alliance des villes des Grands Lacs et du Saint-Laurent","isPartOf":{"@id":"https:\/\/glslcities.org\/#website"},"datePublished":"2020-04-10T18:26:44+00:00","dateModified":"2020-04-13T15:33:55+00:00","breadcrumb":{"@id":"https:\/\/glslcities.org\/fr\/conference-nationale-des-politiques-pour-locean-et-les-grands-lacs\/#breadcrumb"},"inLanguage":"fr-FR","potentialAction":[{"@type":"ReadAction","target":["https:\/\/glslcities.org\/fr\/conference-nationale-des-politiques-pour-locean-et-les-grands-lacs\/"]}]},{"@type":"BreadcrumbList","@id":"https:\/\/glslcities.org\/fr\/conference-nationale-des-politiques-pour-locean-et-les-grands-lacs\/#breadcrumb","itemListElement":[{"@type":"ListItem","position":1,"name":"Home","item":"https:\/\/glslcities.org\/fr\/"},{"@type":"ListItem","position":2,"name":"Conférence nationale des politiques pour les océans et les Grands Lacs"}]},{"@type":"WebSite","@id":"https:\/\/glslcities.org\/#website","url":"https:\/\/glslcities.org\/","name":"L’Alliance des villes des Grands Lacs et du Saint-Laurent","description":"Des maires unis pour protéger et restaurer les Grands Lacs et le Saint-Laurent","potentialAction":[{"@type":"SearchAction","target":{"@type":"EntryPoint","urlTemplate":"https:\/\/glslcities.org\/?s={search_term_string}"},"query-input":{"@type":"PropertyValueSpecification","valueRequired":true,"valueName":"search_term_string"}}],"inLanguage":"fr-FR"}]}</script>
<!-- / Yoast SEO plugin. -->

Conférence nationale des politiques pour les océans et les Grands Lacs - L’Alliance des villes des Grands Lacs et du Saint-Laurent

&nbsp; Nous prévoyons une journée complète d&rsquo;activités, y compris des séances de plénières en petits groupes simultanées sur les façons dont la science et la technologie font progresser notre compréhension du milieu marin, du rôle des aires protégées dans la conservation de la biodiversité et de la façon d’impliquer et mobiliser les collectivités dans la... Read More about "Conférence nationale des politiques pour les océans et les Grands Lacs"

Des maires unis pour protéger et restaurer les Grands Lacs et le Saint-Laurent
